{"id":178,"date":"2019-06-19T20:31:14","date_gmt":"2019-06-19T20:31:14","guid":{"rendered":"http:\/\/leipe-coaching.de\/?page_id=178"},"modified":"2019-06-21T09:56:46","modified_gmt":"2019-06-21T09:56:46","slug":"koerperliche-beschwerden","status":"publish","type":"page","link":"https:\/\/leipe-coaching.de\/?page_id=178","title":{"rendered":"K\u00f6rperliche Beschwerden"},"content":{"rendered":"\n<p>Kann man Krankheiten und k\u00f6rperliche Beschwerden im Coaching wegquatschen? <\/p>\n\n\n\n<p>An erster Stelle erfordern k\u00f6rperliche Krankheiten und Beschwerden eine \u00e4rztliche Behandlung. Sollten Sie noch nicht in \u00e4rztlicher Behandlung sein, arbeite ich mit Ihnen an einem einzigen Thema: wie Sie zum Arzt kommen. Ein menschlicher K\u00f6rper ist ein wertvolles  Geschenk, wir wollen keine Seele vor ihrer Zeit verlieren. <\/p>\n\n\n\n<p>Gleichzeitig gilt f\u00fcr die Krankheit das gleiche wie f\u00fcr Partnerschaft, Familie, Beruf: unsere innere Wirklichkeit zeigt sich im Au\u00dfen und manifestiert sich dort in unterschiedlicher Weise. Deshalb haben Krankheiten und k\u00f6rperliche Beschwerden auch eine Botschaft f\u00fcr uns. Die Symptome weisen uns auf etwas hin, das gesehen werden will, damit wir heilen k\u00f6nnen. <\/p>\n\n\n\n<p>Hat das Symptom auf der seelischen Ebene seine Aufgabe erf\u00fcllt, wird es nicht mehr ben\u00f6tigt und kann gehen, wenn wir es ihm erlauben \u2013 eine gute Erg\u00e4nzung zur \u00e4rztlichen Behandlung auf der k\u00f6rperlichen Ebene.<\/p>\n","protected":false},"excerpt":{"rendered":"<p>Kann man Krankheiten und k\u00f6rperliche Beschwerden im Coaching wegquatschen? An erster Stelle erfordern k\u00f6rperliche Krankheiten und Beschwerden eine \u00e4rztliche Behandlung. Sollten Sie noch nicht in \u00e4rztlicher Behandlung sein, arbeite ich mit Ihnen an einem einzigen Thema: wie Sie zum Arzt kommen. Ein menschlicher K\u00f6rper ist ein wertvolles Geschenk, wir wollen keine Seele vor ihrer Zeit &hellip; <\/p>\n<p class=\"link-more\"><a href=\"https:\/\/leipe-coaching.de\/?page_id=178\" class=\"more-link\"><span class=\"screen-reader-text\">\u201eK\u00f6rperliche Beschwerden\u201c<\/span> weiterlesen<\/a><\/p>\n","protected":false},"author":1,"featured_media":179,"parent":0,"menu_order":0,"comment_status":"closed","ping_status":"closed","template":"","meta":{"footnotes":""},"class_list":["post-178","page","type-page","status-publish","has-post-thumbnail","hentry"],"_links":{"self":[{"href":"https:\/\/leipe-coaching.de\/index.php?rest_route=\/wp\/v2\/pages\/178","targetHints":{"allow":["GET"]}}],"collection":[{"href":"https:\/\/leipe-coaching.de\/index.php?rest_route=\/wp\/v2\/pages"}],"about":[{"href":"https:\/\/leipe-coaching.de\/index.php?rest_route=\/wp\/v2\/types\/page"}],"author":[{"embeddable":true,"href":"https:\/\/leipe-coaching.de\/index.php?rest_route=\/wp\/v2\/users\/1"}],"replies":[{"embeddable":true,"href":"https:\/\/leipe-coaching.de\/index.php?rest_route=%2Fwp%2Fv2%2Fcomments&post=178"}],"version-history":[{"count":4,"href":"https:\/\/leipe-coaching.de\/index.php?rest_route=\/wp\/v2\/pages\/178\/revisions"}],"predecessor-version":[{"id":214,"href":"https:\/\/leipe-coaching.de\/index.php?rest_route=\/wp\/v2\/pages\/178\/revisions\/214"}],"wp:featuredmedia":[{"embeddable":true,"href":"https:\/\/leipe-coaching.de\/index.php?rest_route=\/wp\/v2\/media\/179"}],"wp:attachment":[{"href":"https:\/\/leipe-coaching.de\/index.php?rest_route=%2Fwp%2Fv2%2Fmedia&parent=178"}],"curies":[{"name":"wp","href":"https:\/\/api.w.org\/{rel}","templated":true}]}}